ive of -7*q**4/24 + 217*q**3/6 - 113*q**2. What is the hundreds digit of j(-42)?
5
Suppose -3*g + 206 + 22 = 4*v, -2*g = -8. Let l = v - -236. What is the hundreds digit of l?
2
Let d(h) = h**3 - 8*h**2 + h + 14. Let k be d(5). Let b be (3/(-3) - 4)*k/(-5). Let p = -25 - b. What is the tens digit of p?
3
Let i = 661 + -513. Suppose i*c = 143*c + 1370. What is the tens digit of c?
7
Let h(f) = -f**2 - f + 115. Let m be h(-11). Let b(y) = 2*y**3 - 5*y**2 - 2*y + 45. What is the units digit of b(m)?
0
Let v(m) = 5*m**2 + 24*m + 19. Let z(x) = 8*x**2 + 49*x + 38. Let q(b) = -5*v(b) + 3*z(b). What is the hundreds digit of q(18)?
1
Let x(h) = h**2 + 6. Let w be x(0). Let j(c) = -c**2 + 8*c - 10. Let v be j(w). Suppose -v*k = -131 + 17. What is the units digit of k?
7
Suppose 0 = 2*c + 4, -5*r + 63648 = 169*c - 173*c. What is the ten thousands digit of r?
1
Suppose -3*c + 16 = -5*c + 4*d, -3*c = -4*d + 22. Let b = c - -10. What is the units digit of b?
4
Let j(l) = 110 + l + 0*l + 465*l**2 - 463*l**2 - 43. What is the tens digit of j(0)?
6
Let p(t) = -18*t - 64. Let q be p(-14). Suppose -7*z + 5970 = q. What is the hundreds digit of z?
8
Let z = 64 - -94. Let g = z + 237. What is the units digit of g?
5
Let n = -911 + 2642. What is the thousands digit of n - (7 + -5 + 4)?
1
Suppose -72*r - 40410 = -81*r. What is the units digit of r?
0
Suppose -5*x = -283 - 407. Suppose -4*b + 94 + x = 0. What is the units digit of b?
8
Let c(l) = -7*l + 3. Let m be c(0). Suppose -5*z - m*n + 1075 = 2*n, 4*z + 5*n - 857 = 0. Suppose 0 = -z*k + 220*k - 330. What is the units digit of k?
5
What is the units digit of ((-21704)/(-24) - 7)/(2/6)?
2
Let k(n) = -3*n + 30. Suppose 3*r + x + 30 = 0, 0 = 3*r - 4*x + x + 18. Let i be k(r). Suppose 6*u = i + 3. What is the units digit of u?
0
Let l = -25 - 1. Let y = -23 - l. Suppose 505 = y*c - 5. What is the units digit of c?
0
Let m be 4/12 + 22/6. Let b be (-4)/46 + (-8)/(-92). Suppose -4*n - m*f + 396 = b, -2*f + 0*f - 2 = 0. What is the hundreds digit of n?
1
Let o(f) = 19*f**2 - 94*f - 19. What is the tens digit of o(-18)?
2
Let b be (6/(-4))/((-8)/2128). Suppose -p = -y + 145, -4*y = -5*p - b - 323. Let f = p + 206. What is the units digit of f?
4
Suppose 4*g + 4 = 4. Suppose g*i + 4*i = 1848. What is the units digit of i?
2
Suppose -5*x = -25, -5*x - 702 = 2*k - 9419. What is the hundreds digit of k?
3
Suppose 28861 - 95956 = 5*b. What is the units digit of (-15)/50 - b/30?
7
Let b = 28 + -30. Let i be b*82/4 + 4. Let a = i + 54. What is the tens digit of a?
1
Let k(a) = -6*a - 48. Let d be k(-9). What is the units digit of (3 - 1)/(d/99) - -2?
5
Suppose -15*m = -90440 - 51925. What is the hundreds digit of m?
4
Suppose 0 = -4*c + 5*b + 43396 + 2177, 5 = -b. What is the thousands digit of c?
1
Let d(i) = -4*i - 1. Let v = 58 + -59. Let u be d(v). Suppose 1 = 5*j + 6, -3*t - u*j = -741. What is the units digit of t?
8
Let l(j) = j**3 + 21*j**2 + 18*j + 14. Let i be 3/(2*24/(-272)). What is the units digit of l(i)?
4
Let d(l) = l**3 + 4*l**2 - 13*l - 4. Let w be d(-6). Suppose -j + 18 = q, -96 = -5*q + w*j - 27. What is the tens digit of q?
1
Suppose -3*x - 542 - 9019 = 0. What is the hundreds digit of x/(-7) - 5*4/70?
4
Suppose -35879 = -40*a + 1441. What is the hundreds digit of a?
9
Suppose -p + 16091 = k, 2*p + 64382 = -20*k + 24*k. What is the ten thousands digit of k?
1
Let b(o) = -40*o + 82 + 79 - 244 + 82. What is the tens digit of b(-12)?
7
Let n be 1*-193*(-43 - -36). What is the hundreds digit of (39/2)/(n/224 - 6)?
6
Suppose 4349 = u + 5*v, 3*u + 2764 = -3*v + 15763. What is the thousands digit of u?
4
Suppose -8 = -4*l, 0 = -3*z - 3*l - 25 - 5. Let q be (-537 + 0)*4/z. Let a = q - 107. What is the tens digit of a?
7
Suppose 12*m - 56138 = -15926. What is the units digit of m?
1
Let f be (-4)/12*38 - (-3)/(-9). Let c(b) = -5*b - b - 3*b + 4*b + 14. What is the tens digit of c(f)?
7
Let l(v) = -40*v + 2. Suppose 210 - 252 = 6*i. What is the hundreds digit of l(i)?
2
Let f(p) = 12*p + 179. Let a(k) = -5*k - 90. Let j(u) = 11*a(u) + 6*f(u). Let q be j(26). Suppose -6*l + q = -4*l. What is the tens digit of l?
6
Let l(g) = -g + 11. Let b be l(9). Suppose -b*f - 5 + 19 = 0. Let w(d) = 7*d + 13. What is the tens digit of w(f)?
6
What is the ten thousands digit of (-10)/(-6 + 21/6) + (-3 - -34608)?
3
Let h = 6157 - 3485. What is the hundreds digit of h?
6
Suppose q - 5*q = -3*w - 115, -w = 3*q + 21. Let n = w + 9. What is the units digit of 166/3 - 16/n?
6
Suppose 0 = 792*n - 799*n + 4699 - 331. What is the units digit of n?
4
Suppose 915*t - 924*t + 81621 = 0. What is the units digit of t?
9
Let m = 1158 + -659. Let a = m - 97. What is the hundreds digit of a?
4
Let a(b) = -792*b - 51. What is the units digit of a(-6)?
1
Let z = 54 - -2799. Suppose 0 = 11*d - 2*d - z. What is the units digit of d?
7
Let b(q) = q**3 + 2*q**2 + 82. Let t be b(0). Let u be (6 - t)/((-2)/2). What is the units digit of 3/6*(0 + u)?
8
Suppose 1944*x - 1963*x = 0. Let k(w) be the third derivative of w**6/120 + w**5/60 - w**4/12 + 76*w**3/3 - 2*w**2. What is the units digit of k(x)?
2
Suppose -u + 2*z = -23486, 111*u - 117478 = 106*u + 2*z. What is the tens digit of u?
9
Suppose 0 = -4*x - 8*c + 4*c - 36, -2*c = -x - 18. What is the units digit of -6 + 3/(x/(-976))?
8
Let s(a) = -a**3 + 16*a**2 + 4*a + 9366. What is the units digit of s(0)?
6
Let t(v) = 4*v**2 + 5*v - 41. Let g be (-42)/(-10) + (-5)/25. Let n(m) = 3*m**2 + 4*m - 42. Let u(l) = g*t(l) - 5*n(l). What is the tens digit of u(0)?
4
Suppose 220*t - 222*t + 10 = 0. Suppose -n - 10 = 4*n, 0 = t*q + n - 3128. What is the units digit of q?
6
Let c(x) = 2*x**2 + 11 - 3*x**2 + 11*x - 7*x. Let z be c(6). What is the tens digit of (-2)/z - (-24 + -10)?
3
Let t(s) = -3*s**3 + 6*s**2 - 9*s + 4. Let v(h) = -7*h**3 + 11*h**2 - 17*h + 8. Let x(k) = 5*t(k) - 3*v(k). What is the hundreds digit of x(5)?
7
Let x = -347 + 7819. What is the tens digit of (-6)/45 - x/(-15)?
9
Let a(q) = q**3 + q**2 - 2*q + 271. Let c = -84 + 102. Suppose c*r = 11*r. What is the units digit of a(r)?
1
Let x(v) be the third derivative of -v**6/120 + 4*v**5/15 + v**4/24 + v**3/2 - 3*v**2 - 14. What is the units digit of x(15)?
3
Suppose t - 24009 = -x, -t + 2100 = 2092. What is the units digit of x?
1
Let n(i) = i**2 - 24*i + 47. Let h(u) = 88*u + 94*u - 26 - 188*u. Let d be h(-8). What is the units digit of n(d)?
3
Let f(a) = a**3 + 6*a**2 - 18*a - 12. Let d be f(-8). Suppose 0 = -3*k + 4*i - 15 - 4, 0 = -k + i - 5. What is the units digit of ((-122)/d)/(k/6)?
3
Suppose 0 = 3*a + 4*r - 3 - 2, -2*a - 5*r + 1 = 0. Suppose a*f + 640 = 13*f. What is the units digit of f?
4
Let b = -557 + 2078. What is the units digit of b?
1
Let l(p) = 17*p**2 - 132*p + 277. What is the hundreds digit of l(-34)?
4
What is the thousands digit of (-1146)/(-4)*((-6160)/(-165) + 19 + -3)?
5
What is the units digit of ((-2430)/24 - -5)*-140?
5
Let w(s) = 5*s - 96. Let z be w(19). What is the tens digit of (-2)/((-1)/z) - (10 - 991)?
7
Let y(h) = -190*h + 406*h + 14 - 184*h. Let a be y(-2). Let i = 74 + a. What is the tens digit of i?
2
Suppose 97130 + 85891 = 50*i + 16671. What is the thousands digit of i?
3
Let q(n) = -n**3 - 14*n**2 + 22*n + 7. Suppose 0*v - v - 83 = 5*a, 2*a = -3*v - 41. Let f be q(a). Suppose 165 + f = 2*y. What is the units digit of y?
6
Suppose 6*b + 8 = 2*b. Suppose o - 7*z - 4 = -3*z, z = 2*o - 22. What is the tens digit of (135/o)/(b/(-8))?
4
Let q(p) be the second derivative of 49*p**4/12 - p**3/6 + 7*p**2/2 + 16*p. What is the hundreds digit of q(2)?
2
What is the tens digit of 5 - ((-2)/(-10) - ((-3201138)/(-90) + -16))?
5
Let s(c) = c**3 - c**2 + 4*c - 3. Let x be s(2). What is the hundreds digit of 1254/x - (3 + 40/(-15))?
1
Suppose -12*i - 1782 = -522. What is the tens digit of (2326/(-10))/(21/i)?
6
Let r = 25379 + -7257. What is the hundreds digit of r?
1
Suppose -3*w - 459*b = -462*b - 25866, 0 = 5*b + 35. What is the hundreds digit of w?
6
Let o = -4068 + 10836. What is the units digit of o?
8
Let t(k) = k**3 - 137*k**2 + 53*k - 762. What is the units digit of t(138)?
6
Suppose 0 = 3*g + 15, h - 12*g - 33466 = -8*g. What is the tens digit of h?
4
Let g = 779 - 1407. Let d = -206 - g. What is the units d